5*a**2 + 1295*a + 13624. Determine i(-248).
-16
Let s(l) = 19*l**3 + 133*l**2 - 10425*l - 72977. Determine s(-7).
-2
Let x(g) = -g**3 + 63*g**2 - 343*g + 3053. Determine x(58).
-21
Let u(h) = -h**2 + 1079*h - 27279. Determine u(26).
99
Let z(t) = -4*t**2 + 19*t + 689. Give z(0).
689
Let i(x) = -14770*x + 2732437. Calculate i(185).
-13
Let q(c) = -4*c**3 - 1022*c**2 + 1551*c + 2360. Give q(-257).
47
Let s(x) = 15359*x - 445414. Give s(29).
-3
Let z(b) = -b**3 + 52*b**2 - 286*b - 1149. Determine z(45).
156
Let x(i) = 7*i**3 - 41*i**2 + 11*i + 44. Determine x(8).
1092
Let b(x) = 6*x**2 - 98*x + 241. What is b(-5)?
881
Let g(w) = -551*w - 2082. Calculate g(-3).
-429
Let n(o) = 34098*o - 1670793. What is n(49)?
9
Let y(z) = 54*z + 3584. Give y(-93).
-1438
Let d(s) = 3*s**2 - 32*s - 2055. Give d(-19).
-364
Let k(h) = -41776*h - 919169. What is k(-22)?
-97
Let i(a) = a**3 - 134*a**2 + 4444*a - 297. Calculate i(74).
-1
Let c(f) = 188*f**2 - 1511*f + 73. Give c(8).
17
Let j(b) = 3*b**3 + 31*b**2 + 164*b + 1067. Give j(-9).
-85
Let q(p) = 264*p - 4846. Give q(18).
-94
Let b(o) = -4*o**3 - 552*o**2 + 32*o + 560. Determine b(-138).
-3856
Let f(o) = 4*o**2 - 570*o + 804. Calculate f(144).
1668
Let y(x) = 408174*x - 408184. What is y(1)?
-10
Let g(t) = -3*t**3 - t**2 - 600*t - 3080. Determine g(-5).
270
Let o(y) = -21*y - 5565. Give o(-169).
-2016
Let w(r) = -192010*r + 6336325. Calculate w(33).
-5
Let c(p) = 2*p**3 + 64*p**2 - 342*p - 21. Calculate c(5).
119
Let y(k) = -k**3 + 11*k**2 + 99*k - 12. Give y(-6).
6
Let a(g) = 6*g**3 - 301*g**2 + 2458*g - 13. Give a(10).
467
Let u(v) = -2*v**2 - 11838*v + 64. Give u(0).
64
Let r(l) = -2*l**3 - 6*l**2 + 37*l + 106. Give r(-4).
-10
Let s(p) = 2*p**3 - 67*p**2 + 524*p - 930. What is s(6)?
234
Let i(n) = -4481*n - 40334. Give i(-9).
-5
Let t(r) = 7*r**3 - 1570*r**2 + 1871*r + 30330. What is t(223)?
2
Let r(m) = -16*m**3 + 337*m**2 - 34*m + 167. Calculate r(21).
-106
Let l(h) = -2*h**3 - 243*h**2 - 1188*h - 101. What is l(-5)?
14
Let a(y) = -13*y**3 + 2*y**2 - 61*y - 123. Determine a(-2).
111
Let m(t) = t**3 + 142*t**2 + 808*t - 1055. Give m(-136).
33
Let j(w) = -w**3 - 5*w**2 + 43*w + 388. Determine j(-6).
166
Let n(x) = 3*x**3 - 12*x**2 + 40*x + 1. Give n(0).
1
Let p(g) = -433*g + 54800. Determine p(124).
1108
Let a(f) = -2*f**2 - 36*f + 506. Determine a(16).
-582
Let a(d) = 1182*d - 122828. Give a(104).
100
Let z(r) = 148646*r + 1635023. Calculate z(-11).
-83
Let j(a) = 418*a**2 + 75233*a - 422. What is j(-180)?
838
Let s(y) = 4*y**3 - 38*y**2 - 7*y + 1115. What is s(5)?
630
Let p(c) = -2256*c + 144291. What is p(64)?
-93
Let y(d) = -29*d**3 - 3662*d**2 - 997*d + 1401. Calculate y(-126).
15
Let p(x) = 63*x - 4774. What is p(78)?
140
Let c(m) = -m**3 + 47*m**2 - 450*m + 11. Calculate c(18).
1307
Let s(t) = t**2 + 18*t - 1230. What is s(24)?
-222
Let f(h) = 4*h**2 + 3941*h + 249528. Give f(-68).
36
Let a(c) = -461*c**2 + 2327*c + 16. What is a(5)?
126
Let l(h) = 54518*h - 435974. What is l(8)?
170
Let d(t) = -580*t - 384. Calculate d(0).
-384
Let d(b) = -156*b**2 + 6772*b - 148. Determine d(43).
2604
Let m(r) = -r**2 + 46*r + 5301. Determine m(125).
-4574
Let q(y) = 192*y**2 - 1152*y - 109. Give q(8).
2963
Let i(y) = -y**3 + 299*y**2 + 1214*y - 569. Calculate i(303).
37
Let k(o) = -o**3 - 268*o**2 - 1865*o - 9918. Determine k(-261).
0
Let d(x) = 3857*x + 987390. Determine d(-256).
-2
Let a(o) = 63246*o + 126488. Determine a(-2).
-4
Let h(s) = -1076*s - 2049. Calculate h(-2).
103
Let r(o) = -6*o**3 - 89*o**2 + 320*o - 410. Give r(-18).
-14
Let m(t) = 15*t**2 - 473*t + 3942. Give m(19).
370
Let c(u) = -92*u**2 - 4530*u - 13588. What is c(-3)?
-826
Let a(d) = d**3 - 10*d**2 + 63*d + 54. Calculate a(8).
430
Let q(c) = 363*c**2 - 2516*c - 29. Determine q(7).
146
Let h(n) = -20*n - 661. What is h(59)?
-1841
Let i(g) = 18432*g - 239658. Calculate i(13).
-42
Let g(h) = -18*h**3 - h**2 - 1424*h - 1423. What is g(-1)?
18
Let r(y) = -3*y**3 + 940*y**2 + 12390*y - 562. Calculate r(326).
90
Let m(g) = -2*g**2 + 421*g + 4509. Calculate m(221).
-132
Let x(w) = -w**2 - 2348*w + 7050. Determine x(3).
-3
Let i(g) = 11*g**2 + 586*g - 6149. What is i(9)?
16
Let t(j) = -j**3 + 152*j**2 - 534*j + 234159. Calculate t(158).
3
Let t(r) = 2*r**3 + 24*r**2 - 21*r + 247. Calculate t(-14).
-243
Let z(y) = 14*y**3 - 674*y**2 - 2717*y - 8. What is z(-4)?
-820
Let x(j) = 19*j**2 + 216*j + 31. Determine x(7).
2474
Let q(c) = c**3 - 17*c**2 - 66*c - 2331. Determine q(24).
117
Let x(b) = -b**3 - 365*b**2 - 20876*b - 707. What is x(-294)?
-119
Let d(y) = 12*y**3 - 31*y**2 + 72*y + 33. Determine d(3).
294
Let f(a) = -a**3 + 93*a**2 - 220*a + 2768. Calculate f(91).
-690
Let i(b) = 198*b - 137302. What is i(694)?
110
Let v(l) = 16*l**3 + 2013*l**2 - 338*l + 5071. Calculate v(-126).
31
Let p(v) = 4*v**2 - 42*v + 22. Calculate p(11).
44
Let h(m) = -307*m - 5730. Calculate h(-18).
-204
Let f(i) = 174*i**2 - 36144*i - 36144. Determine f(-1).
174
Let g(l) = -379*l + 13091. Calculate g(34).
205
Let r(v) = -22550*v + 383356. Give r(17).
6
Let q(g) = 4*g**3 - 26*g**2 + 795*g - 4731. Calculate q(7).
932
Let a(y) = -2*y**3 + 137*y**2 - 534*y - 166. What is a(64)?
2522
Let x(a) = 58*a + 626. Determine x(-6).
278
Let k(c) = 2114*c - 963695. Determine k(456).
289
Let b(z) = z**3 - 55*z**2 + 75*z + 1544. Determine b(53).
-99
Let p(f) = -34*f**2 + 1153*f + 6886. Calculate p(-6).
-1256
Let p(a) = 7*a**3 - 47*a**2 - 162*a + 908. Determine p(4).
-44
Let g(p) = -6*p**3 + 36*p**2 - 34*p + 37. What is g(5)?
17
Let d(h) = 26*h**3 + 11228*h**2 - 1932*h - 88113. What is d(-432)?
15
Let y(v) = -v**3 - 322*v**2 + 620*v - 8979. Calculate y(-324).
93
Let a(k) = 15*k**3 + 32*k**2 - 72*k - 251. What is a(-4)?
-411
Let n(q) = -36*q**3 - 326*q**2 - 14*q + 46. What is n(-9)?
10
Let w(b) = 2*b**2 + 478*b + 26725. Calculate w(-150).
25
Let x(q) = 116*q**2 + 67*q. What is x(-1)?
49
Let u(r) = 2*r**3 + 14*r**2 + 580*r + 4802. Give u(-8).
34
Let t(s) = -s**3 - 17*s**2 + 46*s + 501. What is t(-19)?
349
Let z(h) = -1118*h - 12644. Give z(-12).
772
Let n(z) = -694*z + 209162. What is n(301)?
268
Let q(s) = 21*s**2 + 68*s + 47. Calculate q(-2).
-5
Let j(c) = 28005*c + 952166. Calculate j(-34).
-4
Let i(c) = c**2 + 606*c - 3500. Give i(6).
172
Let f(z) = 70556*z + 141142. What is f(-2)?
30
Let p(y) = 2*y**3 - 332*y**2 + 2523*y + 780. Determine p(158).
-10
Let q(d) = d**3 - 282*d**2 + 4254*d + 526. Determine q(266).
-6
Let a(o) = o**3 + 34*o**2 + 112*o - 1096. Give a(-11).
455
Let f(v) = -48*v + 14220. Calculate f(294).
108
Let d(k) = 67635*k - 541085. Give d(8).
-5
Let n(w) = 5*w**3 + 117*w**2 + 539*w - 299. What is n(-17)?
-214
Let s(t) = -42*t + 26. Calculate s(15).
-604
Let o(c) = -9*c**3 + 83*c**2 - 48*c + 220. Determine o(9).
-50
Let n(p) = 6*p**3 - 237*p**2 - 4891*p - 29. Calculate n(-15).
-239
Let l(t) = -227*t**2 + 82*t. Give l(-2).
-1072
Let r(y) = 2294*y + 1929. Determine r(-1).
-365
Let g(o) = -198*o**2 + 604*o + 1221. Calculate g(-2).
-779
Let t(f) = -1282*f - 29392. Calculate t(-23).
94
Let u(n) = 28838*n**2 + 144187*n - 21. Give u(-5).
-6
Let q(v) = 27419*v**2 + 246796*v + 221. Give q(-9).
-4
Let o(q) = -3*q**2 - 1040*q + 3112. Give o(3).
-35
Let l(c) = 2*c**3 + 1477*c**2 - 699*c + 29543. Determine l(-739).
-17
Let o(h) = 6*h**2 - 2173*h - 80214. What is o(396)?
174
Let n(q) = -15*q**2 - 88*q - 60. What is n(-6)?
-72
Let g(t) = 2*t**3 - 1024*t**2 + 6053*t + 9610. Give g(506).
-4
Let i(r) = -23*r**2 - 27*r - 119. What is i(-4)?
-379
Let t(x) = -x**2 + 1779*x + 172163. Determine t(-92).
31
Let l(a) = 14*a**2 + 2491*a - 2691. Determine l(-179).
-6
Let h(w) = 339*w**3 - 1013*w**2 + 7*w + 6. What is h(3)?
63
Let n(k) = 1215*k - 47378. Determine n(39).
7
Let c(q) = 571*q + 103234. Determine c(-180).
454
Let q(j) = 174876*j + 5246300. Determine q(-30).
20
Let b(i) = -9*i**3 - 7*i**2 + 20*i + 56. Calculate b(-2).
60
Let r(j) = -3305*j + 1186494. Calculate r(359).
-1
Let c(x) = -12*x**2 + 36*x + 8. Calculate c(4).
-40
Let m(l) = 150*l - 10397. What is m(69)?
-47
Let w(q) = -q**3 - 78*q**2 - 1589*q - 7032. Calculate w(-24).
0
Let p(m) = -2*m**2 + 1793*m + 18134. Give p(-10).
4
Let q(x) = -5598*x + 11244. Give q(2).
48
Let c(u) = u**2 + 13*u - 2490. What is c(40)?
-370
Let q(z) = -227*z*